{"id":3407,"date":"2026-03-28T15:23:14","date_gmt":"2026-03-28T14:23:14","guid":{"rendered":"https:\/\/gmb.gazmedia.com.pl\/autoinstalator\/wordpressplugins\/?page_id=2600"},"modified":"2026-05-07T14:37:05","modified_gmt":"2026-05-07T12:37:05","slug":"gaz-media","status":"publish","type":"page","link":"https:\/\/gazmedia.home.pl\/autoinstalator\/wordpress\/","title":{"rendered":"Strona g\u0142\u00f3wna"},"content":{"rendered":"\n<div class=\"wp-block-columns is-layout-flex wp-container-core-columns-is-layout-28f84493 wp-block-columns-is-layout-flex\">\n<div class=\"wp-block-column is-layout-flow wp-block-column-is-layout-flow\" style=\"flex-basis:100%\">\n<p class=\"has-accent-color has-text-color has-link-color has-large-font-size wp-elements-65d5391451dc48dd65abdd25f1311165\"><strong>Nasz firma&nbsp;prowadzi kompleksow\u0105 dzia\u0142alno\u015b\u0107 us\u0142ugow\u0105 w zakresie:<\/strong><\/p>\n<\/div>\n<\/div>\n\n\n\n<div class=\"wp-block-columns is-layout-flex wp-container-core-columns-is-layout-28f84493 wp-block-columns-is-layout-flex\">\n<div class=\"wp-block-column is-layout-flow wp-block-column-is-layout-flow\" style=\"flex-basis:66.66%\">\n<ul style=\"border-color:#FCDC31;border-width:1px;border-top-left-radius:20px;border-top-right-radius:20px;border-bottom-left-radius:20px;border-bottom-right-radius:20px\" class=\"wp-block-list has-border-color has-accent-color has-secaccent-background-color has-text-color has-background has-link-color wp-elements-b4e70a767bda3f75ba56b1cb02748c28\">\n<li>Realizowania w imieniu klienta wszelkich spraw zwi\u0105zanych z: okre\u015blaniem warunk\u00f3w technicznych przy\u0142\u0105cze\u0144 do sieci gazowej, spisania umowy przy\u0142\u0105czeniowej, wykonawstwa przy\u0142\u0105cza gazu itp.<\/li>\n\n\n\n<li>Projektowania i wykonawstwa nowych sieci i instalacji gazowych<\/li>\n\n\n\n<li class=\"has-accent-color has-text-color has-link-color wp-elements-1fb17c0e767f83dfe0048fe7f00e75bf\">Remont\u00f3w i przegl\u0105d\u00f3w czynnych instalacji gazowych<\/li>\n\n\n\n<li>Monta\u017cu i wymiany szafek gazowych<\/li>\n\n\n\n<li>Skracania i modernizacji przy\u0142\u0105czy gazowych<\/li>\n\n\n\n<li>Przy\u0142\u0105czenia do sieci gazowej<\/li>\n\n\n\n<li>Likwidacji kolizji sieci i instalacji gazowych<\/li>\n\n\n\n<li>Doradztwa technicznego w zakresie&nbsp;gazu ziemnego<\/li>\n\n\n\n<li>Pracy na czynnej sieci gazowej z wykorzystaniem&nbsp;urz\u0105dze\u0144&nbsp;Ravetti\n<ul class=\"wp-block-list\">\n<li>stopowania przep\u0142ywu gazu<\/li>\n\n\n\n<li>dwustronnych zamkni\u0119\u0107 ruroci\u0105g\u00f3w<\/li>\n\n\n\n<li>balonowania ruroci\u0105g\u00f3w<\/li>\n\n\n\n<li>nawiercania ruroci\u0105g\u00f3w stalowych<\/li>\n<\/ul>\n<\/li>\n\n\n\n<li>Prowadzenia prac gazoniebezpiecznych<\/li>\n\n\n\n<li>Budowy, remontu i przebudowy gazoci\u0105g\u00f3w<\/li>\n\n\n\n<li>Projektowania i wykonawstwa pozosta\u0142ych instalacji sanitarnych<\/li>\n<\/ul>\n<\/div>\n\n\n\n<div class=\"wp-block-column is-layout-flow wp-block-column-is-layout-flow\" style=\"flex-basis:33.33%\">\n<figure class=\"wp-block-image size-large has-custom-border\"><img decoding=\"async\" src=\"https:\/\/gazmedia.home.pl\/autoinstalator\/wordpress\/wp-content\/uploads\/2023\/11\/uklad-pomiarowy-1-2-1024x768.jpg\" alt=\"\" class=\"has-border-color wp-image-2273\" style=\"border-color:#FCDC31;border-width:1px;border-top-left-radius:20px;border-top-right-radius:20px;border-bottom-left-radius:20px;border-bottom-right-radius:20px\"\/><\/figure>\n<\/div>\n<\/div>\n\n\n\n<p class=\"popmake-3805\"><\/p>\n","protected":false},"excerpt":{"rendered":"<p>Nasz firma&nbsp;prowadzi kompleksow\u0105 dzia\u0142alno\u015b\u0107 us\u0142ugow\u0105 w zakresie:<\/p>\n","protected":false},"author":1,"featured_media":2329,"parent":0,"menu_order":0,"comment_status":"closed","ping_status":"closed","template":"front-page-3","meta":{"ngg_post_thumbnail":0,"footnotes":""},"class_list":["post-3407","page","type-page","status-publish","has-post-thumbnail","hentry"],"_links":{"self":[{"href":"https:\/\/gazmedia.home.pl\/autoinstalator\/wordpress\/index.php?rest_route=\/wp\/v2\/pages\/3407","targetHints":{"allow":["GET"]}}],"collection":[{"href":"https:\/\/gazmedia.home.pl\/autoinstalator\/wordpress\/index.php?rest_route=\/wp\/v2\/pages"}],"about":[{"href":"https:\/\/gazmedia.home.pl\/autoinstalator\/wordpress\/index.php?rest_route=\/wp\/v2\/types\/page"}],"author":[{"embeddable":true,"href":"https:\/\/gazmedia.home.pl\/autoinstalator\/wordpress\/index.php?rest_route=\/wp\/v2\/users\/1"}],"replies":[{"embeddable":true,"href":"https:\/\/gazmedia.home.pl\/autoinstalator\/wordpress\/index.php?rest_route=%2Fwp%2Fv2%2Fcomments&post=3407"}],"version-history":[{"count":2,"href":"https:\/\/gazmedia.home.pl\/autoinstalator\/wordpress\/index.php?rest_route=\/wp\/v2\/pages\/3407\/revisions"}],"predecessor-version":[{"id":3813,"href":"https:\/\/gazmedia.home.pl\/autoinstalator\/wordpress\/index.php?rest_route=\/wp\/v2\/pages\/3407\/revisions\/3813"}],"wp:featuredmedia":[{"embeddable":true,"href":"https:\/\/gazmedia.home.pl\/autoinstalator\/wordpress\/index.php?rest_route=\/wp\/v2\/media\/2329"}],"wp:attachment":[{"href":"https:\/\/gazmedia.home.pl\/autoinstalator\/wordpress\/index.php?rest_route=%2Fwp%2Fv2%2Fmedia&parent=3407"}],"curies":[{"name":"wp","href":"https:\/\/api.w.org\/{rel}","templated":true}]}}